{"id":40,"date":"2013-10-04T17:04:51","date_gmt":"2013-10-04T15:04:51","guid":{"rendered":"http:\/\/www.meier-bergen.de\/?page_id=40"},"modified":"2025-01-28T10:34:42","modified_gmt":"2025-01-28T09:34:42","slug":"preise","status":"publish","type":"page","link":"https:\/\/www.meier-bergen.de\/?page_id=40","title":{"rendered":"Preise"},"content":{"rendered":"<div class=\"twoclick_social_bookmarks_post_40 social_share_privacy clearfix 1.6.4 locale-de_DE sprite-de_DE\"><\/div><div class=\"twoclick-js\"><script type=\"text\/javascript\">\/* <![CDATA[ *\/\njQuery(document).ready(function($){if($('.twoclick_social_bookmarks_post_40')){$('.twoclick_social_bookmarks_post_40').socialSharePrivacy({\"services\":{\"facebook\":{\"status\":\"on\",\"txt_info\":\"2 Klicks f\\u00fcr mehr Datenschutz: Erst wenn Sie hier klicken, wird der Button aktiv und Sie k\\u00f6nnen Ihre Empfehlung an Facebook senden. Schon beim Aktivieren werden Daten an Dritte \\u00fcbertragen - siehe <em>i<\\\/em>.\",\"perma_option\":\"off\",\"action\":\"recommend\",\"language\":\"de_DE\"},\"twitter\":{\"reply_to\":\"\",\"tweet_text\":\"Preise%20%C2%BB%20Ferienwohnung%20der%20Familie%20Meier%20in%20Bergen%20am%20Hochfelln\",\"status\":\"on\",\"txt_info\":\"2 Klicks f\\u00fcr mehr Datenschutz: Erst wenn Sie hier klicken, wird der Button aktiv und Sie k\\u00f6nnen Ihre Empfehlung an Twitter senden. Schon beim Aktivieren werden Daten an Dritte \\u00fcbertragen - siehe <em>i<\\\/em>.\",\"perma_option\":\"off\",\"language\":\"de\",\"referrer_track\":\"\"},\"gplus\":{\"status\":\"on\",\"txt_info\":\"2 Klicks f\\u00fcr mehr Datenschutz: Erst wenn Sie hier klicken, wird der Button aktiv und Sie k\\u00f6nnen Ihre Empfehlung an Google+ senden. Schon beim Aktivieren werden Daten an Dritte \\u00fcbertragen - siehe <em>i<\\\/em>.\",\"perma_option\":\"off\",\"referrer_track\":\"\"},\"xing\":{\"status\":\"on\",\"txt_info\":\"2 Klicks f\\u00fcr mehr Datenschutz: Erst wenn Sie hier klicken, wird der Button aktiv und Sie k\\u00f6nnen Ihre Empfehlung an Xing senden. Schon beim Aktivieren werden Daten an Dritte \\u00fcbertragen - siehe <em>i<\\\/em>.\",\"perma_option\":\"off\",\"language\":\"de\",\"referrer_track\":\"\"},\"pinterest\":{\"status\":\"on\",\"the_excerpt\":\"Preise\",\"txt_info\":\"2 Klicks f\\u00fcr mehr Datenschutz: Erst wenn Sie hier klicken, wird der Button aktiv und Sie k\\u00f6nnen Ihre Empfehlung an Pinterest senden. Schon beim Aktivieren werden Daten an Dritte \\u00fcbertragen - siehe <em>i<\\\/em>.\",\"perma_option\":\"off\",\"media\":\"http:\\\/\\\/www.meier-bergen.de\\\/wp-content\\\/uploads\\\/2013\\\/10\\\/Logo-klein1.jpg\"},\"linkedin\":{\"status\":\"on\",\"txt_info\":\"2 Klicks f\\u00fcr mehr Datenschutz: Erst wenn Sie hier klicken, wird der Button aktiv und Sie k\\u00f6nnen Ihre Empfehlung an LinkedIn senden. Schon beim Aktivieren werden Daten an Dritte \\u00fcbertragen - siehe <em>i<\\\/em>.\",\"perma_option\":\"off\"}},\"txt_help\":\"Wenn Sie diese Felder durch einen Klick aktivieren, werden Informationen an Facebook, Twitter, Flattr, Xing, t3n, LinkedIn, Pinterest oder Google eventuell ins Ausland \\u00fcbertragen und unter Umst\\u00e4nden auch dort gespeichert. N\\u00e4heres erfahren Sie durch einen Klick auf das <em>i<\\\/em>.\",\"settings_perma\":\"Dauerhaft aktivieren und Daten\\u00fcber-tragung zustimmen:\",\"info_link\":\"http:\\\/\\\/www.heise.de\\\/ct\\\/artikel\\\/2-Klicks-fuer-mehr-Datenschutz-1333879.html\",\"uri\":\"https:\\\/\\\/www.meier-bergen.de\\\/?page_id=40\",\"post_id\":40,\"post_title_referrer_track\":\"Preise\",\"display_infobox\":\"on\"});}});\n\/* ]]> *\/<\/script><\/div><p>Unsere Ferienwohnung k\u00f6nnen Sie zu folgenden Preisen mieten. Bitte beachten Sie insb. bzgl. der optionalen Zusatzleistungen und der Zahlungsregelungen&nbsp;die <a title=\"Mietbedingungen\" href=\"https:\/\/www.meier-bergen.de\/?page_id=244\">Mietbedingungen<\/a><a title=\"Mietbedingungen\" href=\"https:\/\/www.meier-bergen.de\/?page_id=46\">.<\/a>&nbsp;Die Preise sind in Euro (\u20ac) angegeben und verstehen sich inkl. der gesetzlichen deutschen Steuer, jedoch&nbsp;exkl. der Kurtaxe.<\/p>\n<table width=\"787\">\n<tbody>\n<tr>\n<td width=\"635\"><strong>WINTER-GRUNDPREIS PRO NACHT F\u00dcR 2 PERSONEN (28.01.2025 bis 15.04.2025)*<\/strong><\/td>\n<td width=\"152\"><strong>78,00 \u20ac<\/strong><\/td>\n<\/tr>\n<tr>\n<td width=\"635\"><strong>SOMMER-GRUNDPREIS PRO NACHT F\u00dcR 2 PERSONEN (ab 16.04. bis 14.10.)*<\/strong><\/td>\n<td width=\"152\"><strong>80,00 \u20ac<\/strong><\/td>\n<\/tr>\n<tr>\n<td width=\"635\"><strong>WINTER-GRUNDPREIS PRO NACHT F\u00dcR 2 PERSONEN (ab 15.10. bis 15.04.)*<\/strong><\/td>\n<td width=\"152\"><strong>85,00 \u20ac<\/strong><\/td>\n<\/tr>\n<tr>\n<td width=\"635\"><strong>ZUSCHLAG KURTAXE PRO PERSON UND NACHT<\/strong><\/td>\n<td width=\"152\"><strong>1,10 \u20ac<\/strong><\/td>\n<\/tr>\n<tr>\n<td width=\"635\"><strong>ZUSCHLAG PRO NACHT F\u00dcR KURZAUFENTHALT (BIS 4 \u00dcBERNACHTUNGEN)<\/strong><\/td>\n<td width=\"152\"><strong>6,00 \u20ac<\/strong><\/td>\n<\/tr>\n<tr>\n<td width=\"635\"><strong>ABSCHLAG PRO NACHT F\u00dcR LANGAUFENTHALT (AB 21 \u00dcBERNACHTUNGEN)<\/strong><\/td>\n<td width=\"152\"><strong>2,00 \u20ac<\/strong><\/td>\n<\/tr>\n<tr>\n<td width=\"635\"><strong>REINIGUNGSPAUSCHALE, FALLS FERIENWOHNUNG NICHT BESENREIN \u00dcBERLASSEN WIRD, MINDESTENS, GGF. H\u00d6HER<\/strong><\/td>\n<td width=\"152\"><strong>50,00 \u20ac,<\/strong><\/td>\n<\/tr>\n<\/tbody>\n<\/table>\n<h3>Optionale Zusatzleistungen<\/h3>\n<table width=\"787\">\n<tbody>\n<tr>\n<td width=\"635\"><strong>NUTZUNGSBE\u00dcHR INTERNET (W-LAN)<\/strong><\/td>\n<td width=\"152\"><strong>0,00 \u20ac<\/strong><\/td>\n<\/tr>\n<tr>\n<td width=\"635\"><strong>NUTZUNGSGEB\u00dcHR TELEFON NATIONAL INS FESTNETZ (TAKT 60\/60) JE MINUTE, sofern nicht gem. Einzelverbindungsnachweis h\u00f6her**<\/strong><\/td>\n<td width=\"152\"><strong>0,00 \u20ac<\/strong><\/td>\n<\/tr>\n<tr>\n<td width=\"635\"><strong>NUTZUNGSBE\u00dcHR TELEFON NATIONAL INS MOBILFUNKNETZ (TAKT 60\/60) JE MINUTE, sofern nicht gem. Einzelverbindungsnachweis h\u00f6her**<\/strong><\/td>\n<td width=\"152\"><strong>0,25 \u20ac<\/strong><\/td>\n<\/tr>\n<tr>\n<td width=\"635\"><strong>ERSTELLUNG EINZELVERBINUNGSNACHWEIS TELEFON BEI ABREISE EINMALIG UND AUF WUNSCH DES MIETERS**<\/strong><\/td>\n<td width=\"152\"><strong>5,00 \u20ac<\/strong><\/td>\n<\/tr>\n<\/tbody>\n<\/table>\n<p>* Die Preis\u00e4nderung erfolgte am 28. Januar 2025 f\u00fcr alle Buchungen, die ab diesem Datum erfolgen. Vorherige best\u00e4tigte Buchungen bleiben zu den bisherigen best\u00e4tigten Preisen verbindlich.<\/p>\n<p>** Bereitstellung nur nach vorheriger gesonderter Vereinbarung bei l\u00e4ngerfristigen Aufenthalten. Mit Nutzung stimmen die Mieter der Auswertung der ungek\u00fcrzten Einzelverbindungsnachweise zu.<\/p>\n","protected":false},"excerpt":{"rendered":"<p>Unsere Ferienwohnung k\u00f6nnen Sie zu folgenden Preisen mieten. Bitte beachten Sie insb. bzgl. der optionalen Zusatzleistungen und der Zahlungsregelungen&nbsp;die Mietbedingungen.&nbsp;Die Preise sind in Euro (\u20ac) angegeben und verstehen sich inkl. der gesetzlichen deutschen Steuer, jedoch&nbsp;exkl. der Kurtaxe. WINTER-GRUNDPREIS PRO NACHT F\u00dcR 2 PERSONEN (28.01.2025 bis 15.04.2025)* 78,00 \u20ac SOMMER-GRUNDPREIS PRO NACHT F\u00dcR 2 PERSONEN (ab [&hellip;]<\/p>\n","protected":false},"author":2,"featured_media":0,"parent":31,"menu_order":2,"comment_status":"closed","ping_status":"closed","template":"page-templates\/full-width.php","meta":{"om_disable_all_campaigns":false,"_monsterinsights_skip_tracking":false,"_monsterinsights_sitenote_active":false,"_monsterinsights_sitenote_note":"","_monsterinsights_sitenote_category":0,"_uf_show_specific_survey":0,"_uf_disable_surveys":false,"ngg_post_thumbnail":0,"footnotes":""},"class_list":["post-40","page","type-page","status-publish","hentry"],"aioseo_notices":[],"_links":{"self":[{"href":"https:\/\/www.meier-bergen.de\/index.php?rest_route=\/wp\/v2\/pages\/40","targetHints":{"allow":["GET"]}}],"collection":[{"href":"https:\/\/www.meier-bergen.de\/index.php?rest_route=\/wp\/v2\/pages"}],"about":[{"href":"https:\/\/www.meier-bergen.de\/index.php?rest_route=\/wp\/v2\/types\/page"}],"author":[{"embeddable":true,"href":"https:\/\/www.meier-bergen.de\/index.php?rest_route=\/wp\/v2\/users\/2"}],"replies":[{"embeddable":true,"href":"https:\/\/www.meier-bergen.de\/index.php?rest_route=%2Fwp%2Fv2%2Fcomments&post=40"}],"version-history":[{"count":32,"href":"https:\/\/www.meier-bergen.de\/index.php?rest_route=\/wp\/v2\/pages\/40\/revisions"}],"predecessor-version":[{"id":622,"href":"https:\/\/www.meier-bergen.de\/index.php?rest_route=\/wp\/v2\/pages\/40\/revisions\/622"}],"up":[{"embeddable":true,"href":"https:\/\/www.meier-bergen.de\/index.php?rest_route=\/wp\/v2\/pages\/31"}],"wp:attachment":[{"href":"https:\/\/www.meier-bergen.de\/index.php?rest_route=%2Fwp%2Fv2%2Fmedia&parent=40"}],"curies":[{"name":"wp","href":"https:\/\/api.w.org\/{rel}","templated":true}]}}